?
0
Suppose 0 = -6*k + 14*k + 168. Let c = k - -105. What is the units digit of c?
4
Suppose -84 = -n + 5*n. Let y = n - -21. Suppose y = -0*g - 5*g + 275. What is the tens digit of g?
5
Suppose -4*p + 10 + 166 = 0. Let b = 29 - 25. Suppose -n + t = -22, -p = -2*n - t + b*t. What is the tens digit of n?
2
Let u = -23 - -22. Suppose w = 2*z + 2, -w = 4*z - 4*w. What is the units digit of 11/u*-2 - z?
5
Suppose 5*l = -0*l + 30. Suppose l*p = 14 + 10. What is the units digit of p?
4
What is the hundreds digit of 5 - 57187/(-52) - (-1)/4?
1
Let y = 727 + 528. What is the thousands digit of y?
1
Let d(h) be the third derivative of 8*h**2 - 11/60*h**5 + 11/6*h**3 - 1/2*h**4 + 0*h + 0 - 1/120*h**6. What is the units digit of d(-10)?
1
Let m(i) = -16*i - 7*i - 14*i + 11*i. Suppose 2*h - 13 = -15. What is the tens digit of m(h)?
2
Let h(a) = a**3 - 7*a**2 + 8*a - 10. Let d be h(6). Let s be (d - 2)*2/4. What is the tens digit of -3 - (-18 + s + -3)?
1
Let p = 50 + -91. Let g = -13 - -21. Let d = g - p. What is the units digit of d?
9
Let k(a) = -a - 5. Let b be k(-8). Suppose 0 = -5*f + b*f + 20. What is the units digit of ((-18)/4)/(f/(-20))?
9
Suppose -3*u = r - 14 - 1, -5 = -5*r - u. Suppose 0 = -2*w - 10, r = 2*y - 6*y - 3*w + 461. What is the units digit of y?
9
Let s(i) = 3*i - 15. Let o be s(8). What is the units digit of -4 + -15*(-6)/o?
6
Let o = -105 + 115. What is the units digit of o?
0
Suppose 2*d = -0*d + 52. Suppose -2 = 2*s - d. What is the tens digit of s?
1
Let t be (1 - -1)*(-78)/4. Let q be (4/(-3))/(2/t). Suppose -4 = -2*h - d + 26, 0 = h - 5*d - q. What is the units digit of h?
6
Suppose 16*z = 30*z - 6650. What is the tens digit of z?
7
Suppose -w = w - 14. Let y = 4 - w. What is the units digit of (-2 - y)/1*19?
9
Suppose 45*i - 812 = 38*i. What is the hundreds digit of i?
1
Let c be 4/10 + 26/10. Suppose c*f - 2*p + 7*p - 78 = 0, -5*f + 102 = -p. What is the units digit of f?
1
Let b = -59 + 87. Let d = 84 - b. What is the units digit of d?
6
Suppose -5*t + 2210 = -n, -4*t - n + 1782 = n. What is the units digit of t?
3
Suppose -2*x + 0*x = 0. Suppose 4*v = -2*t + 82, x*t + 2*t - 64 = 2*v. Suppose 0 = -4*j + j - s + 65, 0 = -2*j + s + t. What is the units digit of j?
0
Suppose -2*z + 10 = -2*i, 3*i = -0*z - z - 7. Suppose 0 = z*w + 4 - 148. Let k = w + -47. What is the units digit of k?
5
Let k(d) be the third derivative of d**5/30 - d**4/3 - 2*d**2. What is the units digit of k(7)?
2
Let k(x) be the third derivative of x**5/60 + x**4/6 - 5*x**3/6 - x**2. Let t be k(-5). What is the units digit of (-20)/(t - 2) - 3?
7
Let c be -4*((-261)/4)/3. Let f = -260 - -262. Suppose -23 = f*s - c. What is the tens digit of s?
3
Let v(l) be the third derivative of 7*l**4/3 - l**3/3 + 2*l**2. Let p be (7/(-2) + 2)/((-21)/14). What is the tens digit of v(p)?
5
Let h(j) = -10*j + 108. What is the units digit of h(-20)?
8
What is the units digit of ((-178)/(-10) - -3)/(8/280)?
8
Suppose -2*b + 8 = 2. Suppose -b*w = -w - 58. What is the units digit of (4 - w)*(-3 + 2)?
5
Let w(y) = y**2 - 7*y + 8. Suppose 4*k - 14 = 10. Let n be w(k). Suppose n*o = 5*t - 122 - 21, 4*o = t - 43. What is the units digit of t?
7
Suppose -4*x = f - 3953 + 1304, 3285 = 5*x - 4*f. What is the hundreds digit of x?
6
What is the units digit of 48*(310/56 + 2/(-7))?
2
Let l = -23 - -31. Let i(q) = 2*q + 9. What is the tens digit of i(l)?
2
Let o = -107 - -147. Suppose 5*i + 18 - 103 = 0. Let g = o - i. What is the units digit of g?
3
What is the units digit of ((-8)/5)/(18/(-2115))?
8
Let q(y) = -55*y - 105. What is the tens digit of q(-4)?
1
Suppose -210 = -4*f - 2*i, 3*i = -2*f - f + 162. Suppose 5*u + f = 866. What is the hundreds digit of u?
1
Suppose 0 = -22*h + 21*h. Suppose p - 2*n = h, 0 = p - 3*n - 2 - 1. What is the tens digit of 200/6 - (-2)/p?
3
Let n be 29/(-9) + 16/72. Let k be (-15 + (n - -2))*-2. Let s = k - 24. What is the units digit of s?
8
Suppose -12028 = -2*k - 2*o, -52*o + 24083 = 4*k - 57*o. What is the units digit of k?
7
Suppose -3*m - v = -1009, 0 = 4*m - 9*m + 5*v + 1655. Suppose -5*n + m - 5 = 0. What is the tens digit of n?
6
Suppose 3*s + 11035 = 5*x, -2*x + 5*s + 4905 = 510. What is the hundreds digit of x?
2
Let d = 1390 + -576. What is the hundreds digit of d?
8
Let n be ((-3)/(-4))/(2/32). Suppose -z + 18 = n. Suppose 30 = -z*o + 192. What is the units digit of o?
7
What is the hundreds digit of 711 + -1 - (-5 - 4)?
7
Suppose 4*a = g - 12, -4*g - 2*a - 8 = 16. What is the units digit of 1152/14 - g/(-14)?
2
Suppose 21*r = -r + 8074. What is the units digit of r?
7
Let k be 1*(4 - (-2)/(-1)). Suppose 0 = 3*f - k*c + 7 + 11, 0 = -5*f - 5*c - 30. What is the units digit of 3/f - 22/(-4)?
5
What is the units digit of -5 - (23 + -19)*(-1162)/8?
6
Let x be -2*((-27)/(-6) + 0). Let o = x - -11. Let z = 5 + o. What is the units digit of z?
7
Let v(y) be the third derivative of -y**6/120 + y**5/6 - 7*y**3/2 + 8*y**2. What is the tens digit of v(9)?
6
Let v(m) = -7*m + 2. Let h(i) = -7*i + 3. Let s(j) = -3*h(j) + 2*v(j). What is the units digit of s(9)?
8
Suppose -5*m + 91 = 11. Suppose -3*f + m = -41. What is the units digit of f?
9
Suppose 4*o + 2*g = -70, -4*o + o - g - 52 = 0. Let y = 19 + o. What is the units digit of 1 + y/((-4)/(-50))?
6
Let j = 543 + -359. What is the units digit of j?
4
Suppose -u - 2*y + 317 + 66 = 0, 0 = -5*y + 20. What is the tens digit of u?
7
Suppose 2*o = -2*p - 2, -o + 4*p + 19 = -0*o. Let f = 3 + -2. What is the tens digit of f*1/(o/66)?
2
Suppose -6*q = -4*q - 56. Suppose -2*m - h + 25 = -6*h, 0 = 3*m + 2*h - q. What is the units digit of m?
0
Let q = 88 - 191. Let l = -60 - q. What is the units digit of l?
3
Suppose 14653 = -20*u + 24*u - j, -j = 4*u - 14643. What is the units digit of u?
2
Let q(p) = p**3 - 6*p**2 + 5*p. Let o be q(5). Suppose -8*l + 392 = -o*l. What is the units digit of l?
9
Suppose 2222 = 2*y + 2*h, 4*h - 5*h = 5*y - 5551. What is the units digit of y?
0
What is the units digit of (-1 + (-3)/(-6))*(-30 + -18)?
4
Let f(g) = -18*g + 706. What is the hundreds digit of f(-19)?
0
Suppose n - 77 = l, 2*n - 165 = 3*l + 62. Let t(o) = 4*o**2 + 228*o + 131. Let r be t(-57). Let v = l + r. What is the units digit of v?
8
Let x be (14/21)/(2/63). Let f(n) = 5*n - 24. What is the tens digit of f(x)?
8
Let j = 372 + -363. What is the units digit of j?
9
Let s = -323 - -1952. What is the units digit of s?
9
What is the units digit of 4/(-6)*(-14)/((-168)/(-11322))?
9
What is the tens digit of (-2)/11 + 1/22*532?
2
Suppose -12 = 3*i, p - 2*i - 23 = 2*p. What is the units digit of (-2816)/(-10) + (-6)/p + 0?
2
Suppose -3*k - 259 - 207 = h, 3*k - 4*h = -491. Let i = -136 - k. What is the tens digit of i?
2
Suppose 10348 = 7*j - 13543. What is the thousands digit of j?
3
Suppose 3*q = 4*q + 7. Let v = q + 9. Suppose -g = -v*k - 7, 2*g + k - 8 = -k. What is the units digit of g?
5
Let j(n) = 2*n**2 - 5*n + 2. Let i be j(-5). Let l = 119 - i. What is the tens digit of l?
4
Let u(l) = 43*l**2 + 5*l - 7. Suppose 4*m - 24 = 4*p, 10*p - 12*p = 8. What is the units digit of u(m)?
5
Suppose 0*l = -2*l + 24. Let s = l + -14. What is the units digit of ((-1)/s)/(7/518)?
7
Let k = 8 - 6. Let p(x) = -10*x + 1. Let s be p(-3). Suppose b + k = s. What is the units digit of b?
9
Suppose 0 = w + 3*v - 1003, 0 = v - 0*v. What is the units digit of w?
3
Let b(f) = -f**3 + 10*f**2 + f - 5. Let k be b(10). Suppose 3*p + 5*j + k = 0, 0*p + 4*j = 5*p - 41. What is the units digit of p?
5
Suppose -3*m + 8 = m. What is the units digit of (10*42/(-49))/(m/(-28))?
0
Suppose -5*x + 2145 = p - 17, -x = -p + 2186. What is the hundreds digit of p?
1
Let a(s) = -4*s**2 + 131*s + 19. What is the tens digit of a(26)?
2
Suppose 5*o - 7120 = -3*i, 5*i + 7363 = 5*o + 203. What is the hundreds digit of o?
4
Let n be (-327)/9 - (-3)/9. Let i = 2 - n. Let h = i + -14. What is the tens digit of h?
2
Suppose -12 = -7*u + 4*u. Suppose -u*w + j + 262 = 0, w - 2*w + 58 = -4*j. What is the units digit of w?
6
Let o(k) = k**2 - 14*k + 36. Let b be o(11). Suppose -394 = -5*t + b*t. What is the units digit of t?
7
Let h(v) = 4*v - 1. Let b be h(2). Let g = b + -2. Suppose g*u - 24 = u. What is the units digit of u?
6
Let w(k) = -k**3 + 17*k**2 - 29*